ate the remainder when 1387311 is divided by 46.
43
What is the remainder when 84234 is divided by 344?
298
What is the remainder when 565158 is divided by 282573?
12
What is the remainder when 26840 is divided by 440?
0
What is the remainder when 19206 is divided by 136?
30
What is the remainder when 2668 is divided by 937?
794
Calculate the remainder when 1960557 is divided by 70.
67
Calculate the remainder when 2834 is divided by 1417.
0
Calculate the remainder when 75692 is divided by 66.
56
What is the remainder when 5337 is divided by 1778?
3
What is the remainder when 4127 is divided by 45?
32
Calculate the remainder when 3860240 is divided by 231.
230
Calculate the remainder when 1550282 is divided by 342.
338
What is the remainder when 64069 is divided by 7?
5
What is the remainder when 144160 is divided by 210?
100
Calculate the remainder when 2846 is divided by 84.
74
What is the remainder when 2955 is divided by 134?
7
Calculate the remainder when 608004 is divided by 1955.
1954
What is the remainder when 41679 is divided by 13883?
30
What is the remainder when 26070 is divided by 8673?
51
Calculate the remainder when 18593 is divided by 6188.
29
What is the remainder when 893590 is divided by 123?
118
What is the remainder when 826341 is divided by 69?
66
Calculate the remainder when 162092 is divided by 22.
18
Calculate the remainder when 111741 is divided by 13965.
21
What is the remainder when 10583 is divided by 1770?
1733
What is the remainder when 2194 is divided by 275?
269
What is the remainder when 79883 is divided by 39934?
15
Calculate the remainder when 263128 is divided by 19.
16
Calculate the remainder when 2031737 is divided by 4.
1
Calculate the remainder when 2221 is divided by 105.
16
What is the remainder when 12494 is divided by 462?
20
What is the remainder when 618478 is divided by 15?
13
What is the remainder when 22470 is divided by 489?
465
Calculate the remainder when 3850 is divided by 1282.
4
What is the remainder when 10292 is divided by 3291?
419
What is the remainder when 131365 is divided by 1684?
13
Calculate the remainder when 8492 is divided by 63.
50
Calculate the remainder when 665548 is divided by 50.
48
Calculate the remainder when 930 is divided by 130.
20
Calculate the remainder when 13797 is divided by 82.
21
Calculate the remainder when 44006 is divided by 101.
71
Calculate the remainder when 6296 is divided by 493.
380
What is the remainder when 7462 is divided by 3723?
16
Calculate the remainder when 6289 is divided by 63.
52
What is the remainder when 5193 is divided by 300?
93
What is the remainder when 160959 is divided by 49?
43
Calculate the remainder when 111082 is divided by 55536.
10
What is the remainder when 3166 is divided by 82?
50
Calculate the remainder when 2368576 is divided by 1501.
1499
What is the remainder when 6306 is divided by 1494?
330
Calculate the remainder when 225423 is divided by 1212.
1203
What is the remainder when 838505 is divided by 19?
16
Calculate the remainder when 680 is divided by 200.
80
What is the remainder when 235881 is divided by 158?
145
Calculate the remainder when 3603795 is divided by 22.
19
What is the remainder when 44710 is divided by 227?
218
Calculate the remainder when 41049 is divided by 50.
49
What is the remainder when 5830 is divided by 1911?
97
What is the remainder when 4757 is divided by 1580?
17
What is the remainder when 20951 is divided by 131?
122
Calculate the remainder when 92323 is divided by 15.
13
What is the remainder when 132187 is divided by 2?
1
What is the remainder when 22693 is divided by 7556?
25
Calculate the remainder when 21192 is divided by 1432.
1144
Calculate the remainder when 10692 is divided by 822.
6
What is the remainder when 15041 is divided by 90?
11
What is the remainder when 1649194 is divided by 36?
34
What is the remainder when 47662 is divided by 36?
34
Calculate the remainder when 44482 is divided by 49.
39
Calculate the remainder when 3750 is divided by 94.
84
Calculate the remainder when 168670 is divided by 42.
40
Calculate the remainder when 993 is divided by 209.
157
What is the remainder when 9991 is divided by 269?
38
What is the remainder when 5954 is divided by 5845?
109
Calculate the remainder when 60287 is divided by 6.
5
What is the remainder when 1732 is divided by 290?
282
Calculate the remainder when 33279 is divided by 27.
15
Calculate the remainder when 1231695 is divided by 26.
23
Calculate the remainder when 42987 is divided by 4296.
27
Calculate the remainder when 1354200 is divided by 677098.
4
What is the remainder when 285734 is divided by 285702?
32
What is the remainder when 2224 is divided by 98?
68
Calculate the remainder when 296754 is divided by 2603.
12
Calculate the remainder when 4688 is divided by 2335.
18
Calculate the remainder when 647 is divided by 116.
67
What is the remainder when 481124 is divided by 67?
64
Calculate the remainder when 8642 is divided by 1438.
14
Calculate the remainder when 58123 is divided by 209.
21
Calculate the remainder when 31514 is divided by 3936.
26
What is the remainder when 15736 is divided by 159?
154
Calculate the remainder when 63452 is divided by 1245.
1202
What is the remainder when 55603 is divided by 695?
3
Calculate the remainder when 1351 is divided by 423.
82
Calculate the remainder when 31675 is divided by 5276.
19
What is the remainder when 721215 is divided by 22?
11
What is the remainder when 2247 is divided by 1108?
31
What is the remainder when 3978 is divided by 149?
104
What is the remainder when 249914 is divided by 24989?
24
Calculate the remainder when 62065 is divided by 59.
56
Calculate the remainder when 335086 is divided by 111637.
175
Calculate the remainder when 1469 is divided by 714.
41
Calculate the remainder when 1309280 is divided by 327320.
0
What is the remainder when 78434 is divided by 135?
134
Calculate the remainder when 8360 is divided by 102.
98
What is the remainder when 9070 is divided by 1795?
95
Calculate the remainder when 2839 is divided by 129.
1
Calculate the remainder when 20471 is divided by 22.
11
What is the remainder when 340257 is divided by 20?
17
What is the remainder when 36474 is divided by 82?
66
What is the remainder when 3944 is divided by 433?
47
Calculate the remainder when 5872 is divided by 364.
48
Calculate the remainder when 465993 is divided by 9319.
43
What is the remainder when 8430 is divided by 17?
15
What is the remainder when 48381 is divided by 189?
186
What is the remainder when 53259 is divided by 308?
283
Calculate the remainder when 9772 is divided by 181.
179
What is the remainder when 5483 is divided by 633?
419
Calculate the remainder when 497906 is divided by 130.
6
Calculate the remainder when 723 is divided by 719.
4
Calculate the remainder when 52421 is divided by 22.
17
Calculate the remainder when 66551 is divided by 107.
104
What is the remainder when 110849 is divided by 100?
49
Calculate the remainder when 59070 is divided by 425.
420
What is the remainder when 36853 is divided by 3684?
13
What is the remainder when 2235 is divided by 196?
79
Calculate the remainder when 37810 is divided by 4588.
1106
What is the remainder when 16996 is divided by 944?
4
Calculate the remainder when 9311 is divided by 7.
1
Calculate the remainder when 2740 is divided by 165.
100
Calculate the remainder when 8103 is divided by 34.
11
What is the remainder when 39973 is divided by 55?
43
What is the remainder when 8056 is divided by 3903?
250
Calculate the remainder when 1021 is divided by 73.
72
What is the remainder when 18772 is divided by 298?
296
What is the remainder when 6107 is divided by 136?
123
What is the remainder when 17905 is divided by 37?
34
What is the remainder when 604521 is divided by 46?
35
What is the remainder when 10095 is divided by 594?
591
What is the remainder when 14881 is divided by 52?
9
What is the remainder when 3259 is divided by 865?
664
What is the remainder when 37461 is divided by 67?
8
What is the remainder when 244 is divided by 229?
15
What is the remainder when 1211092 is divided by 605531?
30
Calculate the remainder when 87799 is divided by 14624.
55
What is the remainder when 28398 is divided by 36?
30
